{"id":1218,"date":"2023-03-18T21:09:16","date_gmt":"2023-03-18T20:09:16","guid":{"rendered":"https:\/\/www.fischereiverein-hallein.at\/www.fischereiverein-hallein.at\/?page_id=1218"},"modified":"2023-04-08T15:38:50","modified_gmt":"2023-04-08T13:38:50","slug":"fuehrungen-durch-fischzucht-und-biotop","status":"publish","type":"page","link":"https:\/\/www.fischereiverein-hallein.at\/www.fischereiverein-hallein.at\/fuehrungen-durch-fischzucht-und-biotop\/","title":{"rendered":"F\u00fchrungen durch Fischzucht und Biotop"},"content":{"rendered":"\n<p>Erfahren Sie mehr \u00fcber die Pflege, Erhaltung und Wiederherstellung eines gew\u00e4ssertypischen, artenreichen und gesunden Bestandes an Wassertieren. Die Aufzucht der heimischen Arten wie der Bachforelle ist ein zentrales Anliegen des Halleiner Fischereivereins.<\/p>\n\n\n\n<p>Erleben Sie ein fachkundige F\u00fchrung durch das Bruthaus, die Fischzuchtanlage und das Gamper Biotop. Als Option k\u00f6nnen Sie im Anschluss an die F\u00fchrung eine Jause in unserem Vereinsheim genie\u00dfen.<\/p>\n\n\n\n<p><\/p>\n\n\n\n<div class=\"wp-block-group\"><div class=\"wp-block-group__inner-container is-layout-flow wp-block-group-is-layout-flow\">\n<p><strong>Termine:<\/strong> auf Anfrage<br><strong>Start:<\/strong> Pingitzzerkai 14, 5400 Hallein (Vereinsheim)<br><strong>Dauer:<\/strong> ca. 1,5 Stunden<br><strong>Preis:<\/strong> 10 \u20ac pro Person, mindestens 50 \u20ac je F\u00fchrung. Jugendliche bis 18 Jahre 5 \u20ac, Schulen auf Anfrage<br><strong>Teilnehmerzahl:<\/strong> h\u00f6chstens 20 Personen<\/p>\n\n\n\n<p><strong>Ausk\u00fcnfte und Buchung:<\/strong> +43 676 5251838<\/p>\n<\/div><\/div>\n","protected":false},"excerpt":{"rendered":"<p>Erfahren Sie mehr \u00fcber die Pflege, Erhaltung und Wiederherstellung eines gew\u00e4ssertypischen, artenreichen und gesunden Bestandes an Wassertieren. Die Aufzucht der heimischen Arten wie der Bachforelle ist ein zentrales Anliegen des Halleiner Fischereivereins. Erleben Sie ein fachkundige F\u00fchrung durch das Bruthaus,<\/p>\n","protected":false},"author":1,"featured_media":0,"parent":0,"menu_order":0,"comment_status":"closed","ping_status":"closed","template":"","meta":{"footnotes":""},"class_list":["post-1218","page","type-page","status-publish","hentry"],"_links":{"self":[{"href":"https:\/\/www.fischereiverein-hallein.at\/www.fischereiverein-hallein.at\/wp-json\/wp\/v2\/pages\/1218","targetHints":{"allow":["GET"]}}],"collection":[{"href":"https:\/\/www.fischereiverein-hallein.at\/www.fischereiverein-hallein.at\/wp-json\/wp\/v2\/pages"}],"about":[{"href":"https:\/\/www.fischereiverein-hallein.at\/www.fischereiverein-hallein.at\/wp-json\/wp\/v2\/types\/page"}],"author":[{"embeddable":true,"href":"https:\/\/www.fischereiverein-hallein.at\/www.fischereiverein-hallein.at\/wp-json\/wp\/v2\/users\/1"}],"replies":[{"embeddable":true,"href":"https:\/\/www.fischereiverein-hallein.at\/www.fischereiverein-hallein.at\/wp-json\/wp\/v2\/comments?post=1218"}],"version-history":[{"count":4,"href":"https:\/\/www.fischereiverein-hallein.at\/www.fischereiverein-hallein.at\/wp-json\/wp\/v2\/pages\/1218\/revisions"}],"predecessor-version":[{"id":1244,"href":"https:\/\/www.fischereiverein-hallein.at\/www.fischereiverein-hallein.at\/wp-json\/wp\/v2\/pages\/1218\/revisions\/1244"}],"wp:attachment":[{"href":"https:\/\/www.fischereiverein-hallein.at\/www.fischereiverein-hallein.at\/wp-json\/wp\/v2\/media?parent=1218"}],"curies":[{"name":"wp","href":"https:\/\/api.w.org\/{rel}","templated":true}]}}