{"id":118,"date":"2020-11-11T18:13:30","date_gmt":"2020-11-11T17:13:30","guid":{"rendered":"https:\/\/www.fischereiverein-hallein.at\/www.fischereiverein-hallein.at\/?page_id=118"},"modified":"2020-11-30T12:45:57","modified_gmt":"2020-11-30T11:45:57","slug":"datenschutz","status":"publish","type":"page","link":"https:\/\/www.fischereiverein-hallein.at\/www.fischereiverein-hallein.at\/datenschutz\/","title":{"rendered":"Datenschutz"},"content":{"rendered":"\n<p><strong>Datenschutzerkl\u00e4rung (nach DSGVO 2018)<\/strong><br>Version: Dezember 2020<br><a href=\"https:\/\/www.fischereiverein-hallein.at\/www.fischereiverein-hallein.at\/wp-content\/uploads\/2020\/11\/fvh-datenschutzerklaerung-2020.pdf\" data-type=\"URL\" data-id=\"https:\/\/www.fischereiverein-hallein.at\/www.fischereiverein-hallein.at\/wp-content\/uploads\/2020\/11\/fvh-datenschutzerklaerung-2020.pdf\">Download als PDF<\/a><\/p>\n\n\n\n<p>Der Schutz Ihrer pers\u00f6nlichen Daten ist uns ein besonderes Anliegen. Wir verarbeiten Ihre Daten daher ausschlie\u00dflich auf Grundlage der gesetzlichen Bestimmungen (DSGVO 2018). In dieser Datenschutzerkl\u00e4rung informieren wir Sie \u00fcber die wichtigsten Aspekte der Datenverarbeitung im Rahmen unserer Aktivit\u00e4ten.<\/p>\n\n\n\n<p><strong>Allgemeine Informationen:&nbsp;<\/strong>Verantwortlicher ist der Verein FISCHEREIVEREIN HALLEIN. Dieser ist unter ZVR 172925777 beim Bundes-ministerium f\u00fcr Inneres registriert! Der Zweck des Vereins ist in den Vereins-statuten festgelegt, diese bilden auch die vertragsrechtliche Grundlage f\u00fcr die Verarbeitung von Mitglieder-daten durch den Verein. S\u00e4mtliche Datenverarbeitungen richten sich nach dem Zweck des Vereins. Daten-verarbeitungen, die nicht zur Erf\u00fcllung des Vereinszwecks erfolgen, bed\u00fcrfen einer eigenen rechtlichen Grundlage, die jeweils festzulegen ist.<\/p>\n\n\n\n<p><strong>\u201eOrdentliche\u201c und \u201eunterst\u00fctzende\u201c Mitgliedschaft im Verein FISCHEREIVEREIN HALLEIN:<\/strong>&nbsp;\u201eOrdentliche Mitglieder\u201c des Vereines sind Personen, welche sich aktiv an der Vereinsarbeit beteiligen, die Salzburger Fischerpr\u00fcfung abgelegt haben und berechtigt sind Jahres-karten f\u00fcr die vereinseigenen Gew\u00e4sser zu erwerben. \u201eUnterst\u00fctzende Mitglieder\u201c des Vereines sind Personen oder juristische Personen, welche sich aktiv an der Vereinsarbeit beteiligen oder nur den Vereinszweck durch Bezahlung eines Mitgliedsbeitrages unterst\u00fctzen. Sowohl \u201eordentliche\u201c als auch \u201eunterst\u00fctzende\u201c Mitglieder schlie\u00dfen einen Mitgliedschaftsvertrag mit uns ab. Zum Zweck der Erf\u00fcllung der Vereinsaufgaben verarbeiten wir personenbezogene Daten, wie im Aufnahme-formular bekanntgegeben. Konkret sind das: Titel, Vorname, Nachname, Geburtsdatum, Beruf bzw. Name der Institution (falls vorhanden), Anschrift, Telefonnummer, E-Mail-Adresse. Bei Jahres- und Tageskarteninhabern werden zus\u00e4tzlich Daten \u00fcber die Nutzung derselben und Eintragungen von Aufsichtsorganen gespeichert. Schlie\u00dflich werden die Daten \u00fcber die Bezahlung der vorgeschriebenen Mitgliedsbeitr\u00e4ge, Jahreskarten und Tageskarten verarbeitet, wobei die Informationen \u00fcber Zahlungsmittel inklusive Bankkontodaten gespeichert werden.<\/p>\n\n\n\n<p><strong>Die Speicherung aller Daten:&nbsp;<\/strong>erfolgt lokal, bei unserem Daten-Servicedienstleister oder bei beim Hersteller unserer Fischereiverwaltungs-Software. Die Speicherung von E-Mails erfolgt bei unserem Daten-Dienstleister.<\/p>\n\n\n\n<p><strong>Weitergabe von Daten an Dritte:&nbsp;<\/strong>Zum Zwecke des Erwerbs von Tageskarten erlauben Sie uns, die daf\u00fcr notwendigen Informationen an unsere Vertriebspartner von Tageskarten weiterzugeben.<\/p>\n\n\n\n<p><strong>Einsatz von Social Media:&nbsp;<\/strong>Unser Webauftritt bietet Ihnen die M\u00f6glichkeit, mittels sogenannter \u201eSocial Bookmarks\u201c Links zu unseren Inhalten auf Social-Media Plattformen zu teilen, wobei zun\u00e4chst keine personen-bezogenen Daten an diese Anbieter \u00fcbertragen werden. Nur wenn Sie auf eines der Social-Media Symbole klicken, werden personenbeziehbare Daten \u00fcbermittelt: Durch Ihren Aufruf der Website des jeweiligen Social-Media Anbieters werden Daten automatisiert an den jeweiligen Dienstanbieter \u00fcbermittelt und dort gespeichert. Wir haben weder Einfluss auf die erhobenen Daten und Datenverarbeitungsvorg\u00e4nge, noch sind uns der volle Umfang der Datenerhebung, die Zwecke, sowie die Speicherfristen bekannt.<\/p>\n\n\n\n<p><strong>Einbindung von Technologien Dritter:&nbsp;<\/strong>Um Ihnen bestm\u00f6glichen Service bieten zu k\u00f6nnen, binden wir auf unserer Webseite Dienste Dritter ein. Dies sind Dienste wie Google-Maps oder andere. Dabei kommt es zum Aufruf von Ressourcen dieser Anbieter von externen Servern (und damit auch zur \u00dcbermittlung von Daten wie z.B. der IP-Adresse), die sich au\u00dferhalb der Europ\u00e4ischen Union befinden k\u00f6nnen. Wir haben weder Einfluss auf die erhobenen Daten und Datenverarbeitungsvorg\u00e4nge, noch sind uns der volle Umfang der Datenerhebung, die Zwecke, sowie die Speicherfristen bekannt. Weitere Informationen zum Zweck und Umfang der Datenerhebung und ihrer Verarbeitung durch Diese erhalten Sie in den jeweiligen Datenschutzerkl\u00e4rungen. Dort erhalten Sie auch weitere Informationen zu Ihren diesbez\u00fcglichen Rechten und Einstellungsm\u00f6glichkeiten zum Schutz Ihrer Privatsph\u00e4re.<\/p>\n\n\n\n<p><strong>Rechte:&nbsp;<\/strong>Ihnen stehen grunds\u00e4tzlich die Rechte auf Auskunft, Berichtigung, L\u00f6schung, Einschr\u00e4nkung, Daten\u00fcbertragbarkeit, Widerruf und Widerspruch zu. Wir machen Sie aber darauf aufmerksam, dass die L\u00f6schung Ihrer Daten nur mit einer endg\u00fcltigen Beendigung ihrer Mitgliedschaft erfolgen kann. Diese ist erst m\u00f6glich, wenn der Verein keine offenen Forderungen mehr an Sie hat.<\/p>\n\n\n\n<p>Wenn Sie glauben, dass die Verarbeitung Ihrer Daten gegen das Datenschutzrecht verst\u00f6\u00dft oder Ihre datenschutzrechtlichen Anspr\u00fcche sonst in einer Weise verletzt worden sind, ersuchen wir Sie mit uns Kontakt aufzunehmen. Sie k\u00f6nnen sich auch bei der Aufsichtsbeh\u00f6rde beschweren. In \u00d6sterreich ist dies die Datenschutzbeh\u00f6rde: Wickenburggasse 8-10, 1080 Wien, Tel +43 1 521520, Email:&nbsp;<a href=\"mailto:dsb@dsb.gv.at\">dsb@dsb.gv.at<\/a>.<\/p>\n\n\n\n<p><strong>Angaben \u00fcber unsere Dienstleister:&nbsp;<\/strong>wir sind grunds\u00e4tzlich frei in der Wahl unserer Dienstleister. Wir sind jedoch bem\u00fcht solche Unternehmen auszuw\u00e4hlen, welche ihren Sitz innerhalb der EU haben und sich der DSGVO verpflichtet f\u00fchlen. Derzeit sind das:<\/p>\n\n\n\n<ul class=\"wp-block-list\"><li>Software Vereinsverwaltung f\u00fcr Fischereivereine:&nbsp;iSL Software GmbH, Alte Landstra\u00dfe 102, D-22339 Hamburg, +49 40 538 88 174,&nbsp;<a href=\"https:\/\/www.isl-software.de\/\">www.isl-software.de<\/a><\/li><li>Datendienstleister f\u00fcr Hosting Website, Datensicherung, E-Mail-Provider: Wolrd4You,&nbsp;<strong>Internet Services GmbH,&nbsp;<\/strong>Hafenstra\u00dfe 47-51, 4020 Linz,&nbsp;+43 732 93035,&nbsp;<a href=\"https:\/\/www.world4you.com\/\">www.world4you.com<\/a><\/li><li>Speicherung der Mitgliederdaten: Remote bei iSL Software GmbH, Alte Landstra\u00dfe 102, D-22339 Hamburg, +49 40 538 88 174,&nbsp;<a href=\"https:\/\/www.isl-software.de\/\">www.isl-software.de<\/a><\/li><li>Technische Umsetzung Homepage: Ing. Peter Erber, 2 Systems Engineering e.U., Randersbergweg 229, A-5084 Gro\u00dfgmain, Telefon: +43 664 3041602<\/li><\/ul>\n\n\n\n<p><strong>Vetriebspartner von Tageskarten:<\/strong><\/p>\n\n\n\n<ul class=\"wp-block-list\"><li>Angelsport Putz, 5400 Hallein,&nbsp;Hallfahrtufer 17, 5400 Hallein<\/li><li>Sport Wimmer, 5431 Kuchl, Markt 60<\/li><li>Gasthof Seefeldm\u00fchle, 5421 Adnet 68<\/li><li>heyfisch \u2013 Fishing &amp; Outdoor Apps GmbH, 4020 Linz, Hopfengasse 3<\/li><\/ul>\n\n\n\n<p><strong>Allgemeines:&nbsp;<\/strong>Wir behalten uns das Recht vor, diese Datenschutzerkl\u00e4rung jederzeit mit Wirkung f\u00fcr die Zukunft zu \u00e4ndern, die jeweils aktuelle Version ist auf unserer Webseite abrufbar und in unserem Vereinsheim einsehbar.<\/p>\n\n\n\n<p><strong>Sie erreichen uns unter folgenden Kontaktdaten:<\/strong>&nbsp;FISCHEREIVEREIN HALLEIN, Pingitzzerkai 14, A-5400 Hallein,Email:&nbsp;<a href=\"mailto:vfh@aon.at\">fvh@aon.at<\/a><\/p>\n","protected":false},"excerpt":{"rendered":"<p>Datenschutzerkl\u00e4rung (nach DSGVO 2018)Version: Dezember 2020Download als PDF Der Schutz Ihrer pers\u00f6nlichen Daten ist uns ein besonderes Anliegen. Wir verarbeiten Ihre Daten daher ausschlie\u00dflich auf Grundlage der gesetzlichen Bestimmungen (DSGVO 2018). In dieser Datenschutzerkl\u00e4rung informieren wir Sie \u00fcber die wichtigsten<\/p>\n","protected":false},"author":2,"featured_media":0,"parent":0,"menu_order":0,"comment_status":"closed","ping_status":"closed","template":"","meta":{"footnotes":""},"class_list":["post-118","page","type-page","status-publish","hentry"],"_links":{"self":[{"href":"https:\/\/www.fischereiverein-hallein.at\/www.fischereiverein-hallein.at\/wp-json\/wp\/v2\/pages\/118","targetHints":{"allow":["GET"]}}],"collection":[{"href":"https:\/\/www.fischereiverein-hallein.at\/www.fischereiverein-hallein.at\/wp-json\/wp\/v2\/pages"}],"about":[{"href":"https:\/\/www.fischereiverein-hallein.at\/www.fischereiverein-hallein.at\/wp-json\/wp\/v2\/types\/page"}],"author":[{"embeddable":true,"href":"https:\/\/www.fischereiverein-hallein.at\/www.fischereiverein-hallein.at\/wp-json\/wp\/v2\/users\/2"}],"replies":[{"embeddable":true,"href":"https:\/\/www.fischereiverein-hallein.at\/www.fischereiverein-hallein.at\/wp-json\/wp\/v2\/comments?post=118"}],"version-history":[{"count":5,"href":"https:\/\/www.fischereiverein-hallein.at\/www.fischereiverein-hallein.at\/wp-json\/wp\/v2\/pages\/118\/revisions"}],"predecessor-version":[{"id":603,"href":"https:\/\/www.fischereiverein-hallein.at\/www.fischereiverein-hallein.at\/wp-json\/wp\/v2\/pages\/118\/revisions\/603"}],"wp:attachment":[{"href":"https:\/\/www.fischereiverein-hallein.at\/www.fischereiverein-hallein.at\/wp-json\/wp\/v2\/media?parent=118"}],"curies":[{"name":"wp","href":"https:\/\/api.w.org\/{rel}","templated":true}]}}